{"id":58,"date":"2014-08-18T09:44:02","date_gmt":"2014-08-18T09:44:02","guid":{"rendered":"http:\/\/radnotim.designerek.eu\/?page_id=58"},"modified":"2026-01-17T09:36:06","modified_gmt":"2026-01-17T09:36:06","slug":"araink","status":"publish","type":"page","link":"https:\/\/oregbakony.hu\/?page_id=58","title":{"rendered":"\u00c1raink"},"content":{"rendered":"<p><strong><u>\u00c1RAINK<\/u><\/strong><strong><em><u> 2026-ban<\/u><\/em><\/strong><\/p>\n<p>&nbsp;<\/p>\n<p><strong><u>Sz\u00e1ll\u00e1s a 31 f\u00e9r\u0151helyes \u00e9p\u00fcletben:<\/u><\/strong><\/p>\n<p>&#8211; egy \u00e9jszak\u00e1s foglal\u00e1s: 7.000 Ft\/f\u0151\/\u00e9j<\/p>\n<p>20 f\u0151 vend\u00e9gl\u00e9tsz\u00e1m alatt az \u00e9p\u00fclet egy \u00e9jszak\u00e1ra 140.000 Ft-\u00e9rt b\u00e9relhet\u0151<\/p>\n<p>&#8211; k\u00e9t vagy t\u00f6bb \u00e9jszak\u00e1s foglal\u00e1s: 6.300 Ft\/f\u0151\/\u00e9j<\/p>\n<p>22 f\u0151 vend\u00e9gl\u00e9tsz\u00e1m alatt az \u00e9p\u00fclet \u00e9jszak\u00e1nk\u00e9nt 140.000 Ft-\u00e9rt vehet\u0151 ig\u00e9nybe<\/p>\n<p>&#8211; \u00e1gynem\u0171huzat mos\u00e1si k\u00f6lts\u00e9ge: 1.000 Ft\/garnit\u00fara<\/p>\n<p>&#8211; IFA: 18 \u00e9ves kort\u00f3l 70 \u00e9ves korig: 300 Ft\/\u00e9j<\/p>\n<p>Di\u00e1kcsoportot k\u00eds\u00e9r\u0151 pedag\u00f3gusoknak nem kell IF\u00c1-t fizetni!<\/p>\n<p><strong><em>A kapcsolat ikon alatt el\u00e9rhet\u0151 a turistah\u00e1z megrendel\u0151 form\u00e1tum!<\/em><\/strong><\/p>\n<p>&nbsp;<\/p>\n<p><strong><u>Sz\u00e1ll\u00e1s a 15 f\u00e9r\u0151helyes apartmanh\u00e1zban:<\/u><\/strong><\/p>\n<p>&#8211; egy \u00e9jszak\u00e1s foglal\u00e1s: 7.000 Ft\/f\u0151\/\u00e9j<\/p>\n<p>12 f\u0151 vend\u00e9gl\u00e9tsz\u00e1m alatt az \u00e9p\u00fclet egy \u00e9jszak\u00e1ra 80.000 Ft-\u00e9rt b\u00e9relhet\u0151<\/p>\n<p>&#8211; k\u00e9t vagy t\u00f6bb \u00e9jszak\u00e1s foglal\u00e1s: 6.300 Ft\/f\u0151\/\u00e9j<\/p>\n<p>13 f\u0151 vend\u00e9gl\u00e9tsz\u00e1m alatt az \u00e9p\u00fclet \u00e9jszak\u00e1nk\u00e9nt 80.000 Ft-\u00e9rt vehet\u0151 ig\u00e9nybe<\/p>\n<p>&#8211; \u00e1gynem\u0171huzat mos\u00e1si k\u00f6lts\u00e9ge: 1.000 Ft\/garnit\u00fara<\/p>\n<p>&#8211; IFA: 18 \u00e9ves kort\u00f3l 70 \u00e9ves korig: 300 Ft\/\u00e9j<\/p>\n<p>Di\u00e1kcsoportot k\u00eds\u00e9r\u0151 pedag\u00f3gusoknak nem kell IF\u00c1-t fizetni!<\/p>\n<p><strong><em>A kapcsolat ikon alatt el\u00e9rhet\u0151 az apartmanh\u00e1z megrendel\u0151 form\u00e1tum!<\/em><\/strong><\/p>\n<p>&nbsp;<\/p>\n<p><strong><u>\u00c9tkez\u00e9s:<\/u><\/strong><\/p>\n<p>Gyerek adag: reggeli 1.100 Ft, eb\u00e9d 1.850 Ft, vacsora 1.600 Ft<\/p>\n<p>Di\u00e1k adag, aj\u00e1nlott 14 \u2013 18 \u00e9v k\u00f6z\u00f6tt: reggeli 1.200 Ft, eb\u00e9d 2.200 Ft, vacsora 1.750 Ft<\/p>\n<p>Feln\u0151tt adag: reggeli 1.300 Ft, eb\u00e9d 2.500 Ft, vacsora 1.900 Ft<\/p>\n<p>Men\u00fcaj\u00e1nlaton k\u00edv\u00fcli \u00e9tkez\u00e9sre is van lehet\u0151s\u00e9g, erre egy\u00e9nileg adunk aj\u00e1nlatot.<\/p>\n<p><strong><em>Men\u00fcaj\u00e1nlatunk napra lebontva el\u00e9rhet\u0151 a kapcsolat ikon alatt!<\/em><\/strong><\/p>\n<p>&nbsp;<\/p>\n<p><strong><em>C<u>somag\u00e1r 14 \u00e9v alatti gyermekcsoportok r\u00e9sz\u00e9re:<\/u><\/em><\/strong><\/p>\n<p>5 nap\/4 \u00e9jszaka teljes ell\u00e1t\u00e1ssal, \u00e1gynem\u0171vel: 44.000 Ft<\/p>\n<p>7 nap\/6 \u00e9jszaka teljes ell\u00e1t\u00e1ssal, \u00e1gynem\u0171vel: 65.500 Ft<\/p>\n<p><strong><em><u>Csomag\u00e1r csoportot k\u00eds\u00e9r\u0151 feln\u0151ttek r\u00e9sz\u00e9re:<\/u><\/em><\/strong><\/p>\n<p>5 nap\/4 \u00e9jszaka teljes ell\u00e1t\u00e1ssal, \u00e1gynem\u0171vel: 48.000 Ft<\/p>\n<p>7 nap\/6 \u00e9jszaka teljes ell\u00e1t\u00e1ssal, \u00e1gynem\u0171vel: 72.000 Ft<\/p>\n<p>&nbsp;<\/p>\n<p><strong><u>Vend\u00e9gk\u00f6nyvi adatok:<\/u><\/strong><\/p>\n<p>Honlapunkon az \u00e1rak ikon alatt el\u00e9rhet\u0151 a vend\u00e9gk\u00f6nyvi adatokhoz egy excel t\u00e1bl\u00e1zat. Ebben r\u00f6gz\u00edteni kell a vend\u00e9gek n\u00e9vsor\u00e1t \u00e9s adatait: n\u00e9v, lakc\u00edm, sz\u00fclet\u00e9si hely \u00e9s id\u0151, \u00e1llampolg\u00e1rs\u00e1g, szem\u00e9lyi- vagy di\u00e1kigazolv\u00e1ny sz\u00e1m. <strong><em>Csatolt f\u00e1jlban, legk\u00e9s\u0151bb \u00e9rkez\u00e9s el\u0151tt egy nappal k\u00e9rem elk\u00fcldeni e-mailben!<\/em><\/strong><\/p>\n<p><\/p>","protected":false},"excerpt":{"rendered":"<p>\u00c1RAINK 2026-ban &nbsp; Sz\u00e1ll\u00e1s a 31 f\u00e9r\u0151helyes \u00e9p\u00fcletben: &#8211; egy \u00e9jszak\u00e1s foglal\u00e1s: 7.000 Ft\/f\u0151\/\u00e9j 20 f\u0151 vend\u00e9gl\u00e9tsz\u00e1m alatt az \u00e9p\u00fclet egy \u00e9jszak\u00e1ra 140.000 Ft-\u00e9rt b\u00e9relhet\u0151 &#8211; k\u00e9t vagy t\u00f6bb \u00e9jszak\u00e1s foglal\u00e1s: 6.300 Ft\/f\u0151\/\u00e9j 22 f\u0151 vend\u00e9gl\u00e9tsz\u00e1m alatt az \u00e9p\u00fclet \u00e9jszak\u00e1nk\u00e9nt 140.000 Ft-\u00e9rt vehet\u0151 ig\u00e9nybe &#8211; \u00e1gynem\u0171huzat mos\u00e1si k\u00f6lts\u00e9ge: 1.000 Ft\/garnit\u00fara &#8211; IFA: 18 \u00e9ves kort\u00f3l [&hellip;]<\/p>\n","protected":false},"author":1,"featured_media":488,"parent":0,"menu_order":0,"comment_status":"open","ping_status":"open","template":"","meta":{"inline_featured_image":false,"_exactmetrics_skip_tracking":false,"_exactmetrics_sitenote_active":false,"_exactmetrics_sitenote_note":"","_exactmetrics_sitenote_category":0,"footnotes":""},"class_list":["post-58","page","type-page","status-publish","has-post-thumbnail","czr-hentry"],"_links":{"self":[{"href":"https:\/\/oregbakony.hu\/index.php?rest_route=\/wp\/v2\/pages\/58","targetHints":{"allow":["GET"]}}],"collection":[{"href":"https:\/\/oregbakony.hu\/index.php?rest_route=\/wp\/v2\/pages"}],"about":[{"href":"https:\/\/oregbakony.hu\/index.php?rest_route=\/wp\/v2\/types\/page"}],"author":[{"embeddable":true,"href":"https:\/\/oregbakony.hu\/index.php?rest_route=\/wp\/v2\/users\/1"}],"replies":[{"embeddable":true,"href":"https:\/\/oregbakony.hu\/index.php?rest_route=%2Fwp%2Fv2%2Fcomments&post=58"}],"version-history":[{"count":46,"href":"https:\/\/oregbakony.hu\/index.php?rest_route=\/wp\/v2\/pages\/58\/revisions"}],"predecessor-version":[{"id":694,"href":"https:\/\/oregbakony.hu\/index.php?rest_route=\/wp\/v2\/pages\/58\/revisions\/694"}],"wp:featuredmedia":[{"embeddable":true,"href":"https:\/\/oregbakony.hu\/index.php?rest_route=\/wp\/v2\/media\/488"}],"wp:attachment":[{"href":"https:\/\/oregbakony.hu\/index.php?rest_route=%2Fwp%2Fv2%2Fmedia&parent=58"}],"curies":[{"name":"wp","href":"https:\/\/api.w.org\/{rel}","templated":true}]}}

Áraink

<p><strong><u>ÁRAINK</u></strong><strong><em><u> 2026-ban</u></em></strong></p>
<p>&nbsp;</p>
<p><strong><u>Szállás a 31 férőhelyes épületben:</u></strong></p>
<p>&#8211; egy éjszakás foglalás: 7.000 Ft/fő/éj</p>
<p>20 fő vendéglétszám alatt az épület egy éjszakára 140.000 Ft-ért bérelhető</p>
<p>&#8211; két vagy több éjszakás foglalás: 6.300 Ft/fő/éj</p>
<p>22 fő vendéglétszám alatt az épület éjszakánként 140.000 Ft-ért vehető igénybe</p>
<p>&#8211; ágyneműhuzat mosási költsége: 1.000 Ft/garnitúra</p>
<p>&#8211; IFA: 18 éves kortól 70 éves korig: 300 Ft/éj</p>
<p>Diákcsoportot kísérő pedagógusoknak nem kell IFÁ-t fizetni!</p>
<p><strong><em>A kapcsolat ikon alatt elérhető a turistaház megrendelő formátum!</em></strong></p>
<p>&nbsp;</p>
<p><strong><u>Szállás a 15 férőhelyes apartmanházban:</u></strong></p>
<p>&#8211; egy éjszakás foglalás: 7.000 Ft/fő/éj</p>
<p>12 fő vendéglétszám alatt az épület egy éjszakára 80.000 Ft-ért bérelhető</p>
<p>&#8211; két vagy több éjszakás foglalás: 6.300 Ft/fő/éj</p>
<p>13 fő vendéglétszám alatt az épület éjszakánként 80.000 Ft-ért vehető igénybe</p>
<p>&#8211; ágyneműhuzat mosási költsége: 1.000 Ft/garnitúra</p>
<p>&#8211; IFA: 18 éves kortól 70 éves korig: 300 Ft/éj</p>
<p>Diákcsoportot kísérő pedagógusoknak nem kell IFÁ-t fizetni!</p>
<p><strong><em>A kapcsolat ikon alatt elérhető az apartmanház megrendelő formátum!</em></strong></p>
<p>&nbsp;</p>
<p><strong><u>Étkezés:</u></strong></p>
<p>Gyerek adag: reggeli 1.100 Ft, ebéd 1.850 Ft, vacsora 1.600 Ft</p>
<p>Diák adag, ajánlott 14 – 18 év között: reggeli 1.200 Ft, ebéd 2.200 Ft, vacsora 1.750 Ft</p>
<p>Felnőtt adag: reggeli 1.300 Ft, ebéd 2.500 Ft, vacsora 1.900 Ft</p>
<p>Menüajánlaton kívüli étkezésre is van lehetőség, erre egyénileg adunk ajánlatot.</p>
<p><strong><em>Menüajánlatunk napra lebontva elérhető a kapcsolat ikon alatt!</em></strong></p>
<p>&nbsp;</p>
<p><strong><em>C<u>somagár 14 év alatti gyermekcsoportok részére:</u></em></strong></p>
<p>5 nap/4 éjszaka teljes ellátással, ágyneművel: 44.000 Ft</p>
<p>7 nap/6 éjszaka teljes ellátással, ágyneművel: 65.500 Ft</p>
<p><strong><em><u>Csomagár csoportot kísérő felnőttek részére:</u></em></strong></p>
<p>5 nap/4 éjszaka teljes ellátással, ágyneművel: 48.000 Ft</p>
<p>7 nap/6 éjszaka teljes ellátással, ágyneművel: 72.000 Ft</p>
<p>&nbsp;</p>
<p><strong><u>Vendégkönyvi adatok:</u></strong></p>
<p>Honlapunkon az árak ikon alatt elérhető a vendégkönyvi adatokhoz egy excel táblázat. Ebben rögzíteni kell a vendégek névsorát és adatait: név, lakcím, születési hely és idő, állampolgárság, személyi- vagy diákigazolvány szám. <strong><em>Csatolt fájlban, legkésőbb érkezés előtt egy nappal kérem elküldeni e-mailben!</em></strong></p>
<p></p>

<p>ÁRAINK 2026-ban &nbsp; Szállás a 31 férőhelyes épületben: &#8211; egy éjszakás foglalás: 7.000 Ft/fő/éj 20 fő vendéglétszám alatt az épület egy éjszakára 140.000 Ft-ért bérelhető &#8211; két vagy több éjszakás foglalás: 6.300 Ft/fő/éj 22 fő vendéglétszám alatt az épület éjszakánként 140.000 Ft-ért vehető igénybe &#8211; ágyneműhuzat mosási költsége: 1.000 Ft/garnitúra &#8211; IFA: 18 éves kortól [&hellip;]</p>
